 Let m = u - z. What are the prime factors of m?
2, 3
Let l be ((-8)/(-20))/((-6)/(-15)). Suppose l - 77 = 4*w. List the prime factors of (-57 + -1)/(w + 17).
29
Suppose -26*x + 114 + 1420 = 0. What are the prime factors of x?
59
List the prime factors of -6 - (-16*66 - 6) - 5.
1051
Let n(d) = -177*d + 64. Let t be n(-7). Suppose -3083 - t = -17*p. What are the prime factors of p?
2, 3, 43
Suppose -3*v = -2*y + 26, -6*v + 2*v = -5*y + 58. Suppose -6*p = -y*p + 12. Suppose -z - 3*z + 16 = 0, -2*z = -p*x + 91. List the prime factors of x.
3, 11
Suppose 8 + 452 = -10*a. Let o = a + 160. List the prime factors of o.
2, 3, 19
Let f = -19 - -25. Suppose -24 = -5*o + 3*r, 2*o - 3*r - f = 3*o. Suppose 0 = o*d - 12. List the prime factors of d.
2
Let k(q) = 5*q**2 + 16*q + 40. Let z = -117 + 108. What are the prime factors of k(z)?
7, 43
Let t(w) = 2 - 21*w + 20*w + 5. Let m be t(7). Let n(h) = -h**3 - h**2 + h + 4. List the prime factors of n(m).
2
Suppose -3*j + 5*x = -725, 7*j - 2*j = -3*x + 1197. What are the prime factors of j - 3*(-6)/18?
241
Suppose 4*x - 5*k = 8*x - 234, -4*x + 240 = 2*k. Let n = x + -117. Let q = -4 - n. What are the prime factors of q?
2, 13
Suppose 10 = 4*l - 14. Let u(p) = -p**3 + 6*p**2 + 3*p + 8. What are the prime factors of u(l)?
2, 13
Let y = 4 - -1. Let b(j) be the second derivative of j**3/6 - j**2 - 5*j. What are the prime factors of b(y)?
3
Let x = 120 - 86. Suppose 0 = -c - 4*z + x, -3*c + 5*z = -50 - 52. List the prime factors of c.
2, 17
Let u(x) = x**2 + 3*x + 2. Let s be u(0). Suppose 3*g - g = -4*d + 84, s*g + 5*d - 87 = 0. What are the prime factors of g?
2, 3
Let z(x) = 22*x + 2. Let q(a) = -1. Let k(r) = q(r) - z(r). What are the prime factors of k(-2)?
41
Suppose 0 = 3*y - 4*l - 4138, 8*y = 3*y - 3*l + 6887. What are the prime factors of y?
2, 13, 53
Let t = 9 + -5. Suppose 5*p - 2*d = 18, t*p + 3*d + 6 = p. Suppose 0 = -5*m - 2*l + 65, l + 2*l = -p*m + 37. What are the prime factors of m?
11
Suppose 0 = 10*v - 7*v - 9. Suppose -2*h + v*x + 171 = 0, 2*h = -6*x + x + 211. List the prime factors of h.
3, 31
Let t = -968 + 5087. What are the prime factors of t?
3, 1373
Let w be (-4984)/(-12) + 6 + 2/(-6). Let b = w + -268. List the prime factors of b.
3, 17
Let o = -11 + 51. List the prime factors of o/(-30) - 355/(-3).
3, 13
Suppose s + 296 = 2*s + 5*f, -4*f = 5*s - 1564. Let z = -86 + s. List the prime factors of z.
2, 5, 23
Let b be -1*(3 + 3 + 13). Let w = b + 23. List the prime factors of 5/(-10)*w*-21.
2, 3, 7
Let v = 673 + -340. List the prime factors of v.
3, 37
Let l(w) = 5*w + 30. Let a(o) = 11*o + 53. Let d(m) = 1. Let y(h) = -a(h) - 6*d(h). Let r(j) = 7*l(j) + 3*y(j). List the prime factors of r(0).
3, 11
Suppose -a + 0 = -3*s - 9, 3*a - 27 = 3*s. Suppose d - a*d = -768. List the prime factors of d.
2, 3
Let f = -118 + 8. Let m = f + 161. What are the prime factors of m?
3, 17
Let q = 456 + -63. List the prime factors of q.
3, 131
Suppose 5*q - 212 = -3*c, 153 = -0*c + 2*c + q. Let y = 9 + c. List the prime factors of y.
2, 11
Let x = -2 - -4. Suppose -3*z = -4*r + 174, -x*z = -2*r + 2*z + 82. Suppose -2*k + r = -0*k - 3*l, -2*k + l = -39. What are the prime factors of k?
2, 3
Suppose 3*q - 537 = -1878. Let l = q + 317. List the prime factors of l/(-5) + 2*-1.
2, 3
What are the prime factors of (8 - (-88)/(-11)) + 1482?
2, 3, 13, 19
Let d be (-2)/3 - 284/6. Let n = -268 - -293. List the prime factors of 12/d + n/4.
2, 3
Let w = 1159 - -333. List the prime factors of w.
2, 373
Suppose -10*a + 7956 = -6364. List the prime factors of a.
2, 179
Suppose 12056 + 740 = 4*h. List the prime factors of h.
7, 457
Let w = -2 + 2. Suppose l + 2 = -w*l, -250 = -b - 4*l. List the prime factors of b.
2, 3, 43
Let m(o) = -o**2 - 8*o - 4. Let q be m(-7). Suppose 0 = q*t - 4*f - 225, f - 68 = -2*t + t. List the prime factors of t.
71
Let c = -8 - -8. Suppose c = -2*f + 5*l + 30, 3*f = -5*l - 15 + 60. List the prime factors of f.
3, 5
Let m(t) = -t**2 - 27*t + 91. List the prime factors of m(-25).
3, 47
Let n = 45 - 10. Suppose -n*c + 37*c = 270. What are the prime factors of c?
3, 5
Suppose 5*i - 2*p = 6855, 18*i - 5*p = 14*i + 5501. List the prime factors of i.
37
Let o = 51 + -12. Let k = -1 - -67. Let g = k - o. What are the prime factors of g?
3
Let s(p) = -2*p. Let k(r) = -r**3 + 2*r**2 + 3*r + 3. Let f(m) = k(m) + 3*s(m). What are the prime factors of f(-6)?
3, 103
What are the prime factors of (-14)/49 - (-13400)/7?
2, 3, 11, 29
Suppose 0 = o - 31 + 82. Let b = o - -202. What are the prime factors of b?
151
List the prime factors of (7/(-1) + 2)*(-272 - 13).
3, 5, 19
Suppose -2*d - h + 2 = 0, -8 = -0*d + d - 4*h. Suppose d = -2*p - 3*p + 180. What are the prime factors of p?
2, 3
List the prime factors of -7*(-3)/(147/1330).
2, 5, 19
What are the prime factors of (-1 - 118/4)*(-79 - -7)?
2, 3, 61
Suppose 48*j = 43*j, 4*j + 29760 = 5*w. List the prime factors of w.
2, 3, 31
Suppose 6447 + 6653 = 20*v. What are the prime factors of v?
5, 131
Let s(b) = 182*b**3 + 2*b**2 - 19*b + 26. List the prime factors of s(3).
13, 29
Let y = 2017 - 503. What are the prime factors of y?
2, 757
Let j(l) = 6 - l + 6 - 1. Let a be j(9). Suppose -a*t + 8 = 0, 0 = -0*k - k - 4*t + 65. What are the prime factors of k?
7
List the prime factors of (9/6 - 1)*(23 - -2379).
1201
Suppose -7*l - 2*g = -2*l - 2812, -4*l + 2240 = 4*g. What are the prime factors of l?
2, 3, 47
Suppose 5*f - g + 22 = -3*g, g = 5*f + 19. Let z be ((-61)/f)/((-1)/(-4)). Let m = -12 + z. What are the prime factors of m?
7
Let n = -21 + 25. Suppose 213 = -k + n*k. List the prime factors of k.
71
Let d be (-4)/(-12) + (-11)/(-3). Suppose 238 = -d*m + 6*m. List the prime factors of m.
7, 17
Let o = 3185 + -2046. List the prime factors of o.
17, 67
Let i(d) = 19*d + 231. Let b be i(-12). Let m be 56/3*(-9)/(-6). Let g = m - b. List the prime factors of g.
5
Let m = 210 - 158. What are the prime factors of m?
2, 13
Let q be (45/(-6))/(2/4). Let o(l) = -30*l**2 - l. Let f be o(-1). Let c = q - f. What are the prime factors of c?
2, 7
Let b(m) = -m**3 + 12*m**2 - 20*m + 18. List the prime factors of b(9).
3
Let d = -1585 - -2239. List the prime factors of d.
2, 3, 109
Let v = 1457 - 372. List the prime factors of v.
5, 7, 31
Let b = 43 + -30. Suppose 2*g + 0*g - b = -k, 0 = g. Suppose k*w - 10*w = 150. List the prime factors of w.
2, 5
Let u(a) = a**3 - 6*a**2 - 8*a + 8. Let r(d) = -d**3 - d**2 - d + 1. Let b be r(-2). Let s be u(b). Let h = s - -5. What are the prime factors of h?
2, 3
Suppose -5*m = -4*r - m - 8, 0 = r - 2*m + 6. Suppose 0 = -3*p - r*p + 155. Suppose a - 5*n = p, 5*a + 0*n = -n + 25. List the prime factors of a.
2, 3
Let k(o) = -2*o - 8. Let s(m) = m + 4. Let f(x) = 4*k(x) + 7*s(x). Let w be f(-6). Suppose -w*g + 4 = 4*l + l, 6 = 3*g + 3*l. List the prime factors of g.
2
Let v(r) = 22*r**2 - 49*r - 282. What are the prime factors of v(-5)?
3, 19
Let y = 4 - -5. Suppose -2*i + q = -57, 0 = q - 4*q + y. List the prime factors of i.
2, 3, 5
Suppose -3*q = -3*i + 2*q + 3195, 2*i - 3*q - 2130 = 0. What are the prime factors of i?
3, 5, 71
Let c(u) = -7*u - 53. What are the prime factors of c(-31)?
2, 41
Let j = -1517 - -2858. List the prime factors of j.
3, 149
Let t = -5 - -2. Let g be ((t + -74)/(-1))/1. Let j = g - 48. What are the prime factors of j?
29
Suppose 0 = o + n - 1760, 7*o + 3495 = 9*o - 3*n. What are the prime factors of o?
3, 5, 13
Let u(p) = -p**2 + 8*p + 24. Let q be u(10). Suppose 5*b - 420 = -4*w, w = -q*b - 2*w + 336. List the prime factors of b.
2, 3, 7
What are the prime factors of (4 + (-4 - -1))*79?
79
Suppose 7*g - g - 17370 = 0. What are the prime factors of g?
3, 5, 193
Let g(s) = -s + 33. Suppose -4*b = 16 - 36. Suppose -5*l + b = -3*x, 0 = 4*x + 3*l - 0 - 3. List the prime factors of g(x).
3, 11
Suppose -4*z + 8 = -76. Suppose -4*p + 5*p = z. List the prime factors of p.
3, 7
Let d be -3*2*(-6 - -2). Let n = d + 69. List the prime factors of n.
3, 31
Let s(m) = -m**2 + 6*m + 17. Let u be s(8). What are the prime factors of 57 + (1 - (u + 3))?
2, 3
Let b = -2283 - -5448. What are the prime factors of b?
3, 5, 211
Suppose 3*v - 3001 = 10493. What are the prime factors of v?
2, 13, 173
Let s be 1/3 - 132/(-36). Suppose 0*